13 + -1 + -30?
63
What is -30 + (-28 - ((-53 - -30) + -87))?
52
-3 + 48 - (10 + -2)
37
0 + -38 + (-16 - -21 - (58 + -63))
-28
(-2 - (8 - 4)) + (-5 - (26 + -143 - -27))
79
Calculate (8 - (31 + 20) - 21) + -9.
-73
What is -84 - (-236 + -93 + 193)?
52
What is -1 + -10 + (-93 - (-3 - 52)) + -7?
-56
What is -3 + (-8 - (5 - 21)) + -3 + -4 + 56?
54
(-3 - 1) + -40 - (109 + -132)
-21
Calculate 45 + 0 + (-1 - 13) + 169 + -167.
33
Evaluate (-35 - (-27 + 57)) + 49.
-16
What is -1 + -8 - (2 + 40 + -3 + (-27 - -20))?
-41
7 + -23 + 23 + -22 - 17
-32
Evaluate -8 + 7 - (-39 + 9 + -6 + 1).
34
What is 3 + (3 - -3) + 1 + -31 + -127 + 55?
-93
-10 + 17 + -18 + (3 - 3)
-11
Evaluate -6 + -7 - (-4 - (10 + -33 + -8)).
-40
(12 - -1) + (0 - (-10 - (-8 + 13)))
28
Calculate (-93 - -74) + 49 + -1 - -3.
32
58 + (-141 - -69) - (3 + -51)
34
-6 + (-36 - (20 - 26)) + 16
-20
-5 + (23 - 18) - -32 - 93
-61
What is the value of (-146 + 7 - (4 - 27 - -23)) + 3?
-136
(0 - 36 - (-56 - -17)) + -107 + 0
-104
What is the value of (26 - -1) + (-151 - -209) + -197?
-112
What is the value of -24 + (42 - 53 - -39)?
4
What is 74 + 0 + 0 - (-41 - 0 - (-2815 + 2766))?
66
What is 26 + (38 - (48 + -15))?
31
(-82 - -30) + 59 - -18
25
Evaluate (1 - 6) + 69 + (-4 - 18).
42
Calculate -3 - (24 + 21 + -30) - -14.
-4
(-57 - -33) + 30 + 21 - 109
-82
What is 11 + -5 - (-4 - (12 + -2 + 1 + -8))?
13
Evaluate -5041 - -5053 - (0 - (-2 - -3)).
13
Evaluate -19 + -4 + -15 + 3 + 7 + -1 + 7.
-22
What is the value of 2 + (20 - (17 + 13) - (-12 + 2) - -56)?
58
What is the value of 172 + -170 + (2 - 2 - 18) - -80?
64
What is the value of (-1 - -2) + 16 + 43 + -46?
14
Evaluate -1 - (14 + 0) - (-43 + 54 + (2 - -98)).
-126
Calculate -122 + -21 + 16 + -12 + 13 + 20.
-106
Evaluate -31 - (0 - ((0 - 3) + 17)).
-17
Evaluate -22 + (-230 + 241 - (1 - 16)).
4
Calculate 86 + (-8 - 56) - (-14 - 1).
37
Evaluate 13 + 4 + (50 - 56 - -46).
57
Evaluate -38 - (-25 + -4 - -38 - (20 + 2)).
-25
What is the value of -8 + (6 - -4 - -19)?
21
Calculate -4 + 0 + (69 - (11 - -43)) + (-68 - -7).
-50
What is -30 - (0 - 2) - (22046 + -22138)?
64
What is the value of -10 - 1 - (2 + -4 + 40 + -44)?
-5
(64 - -1) + -9 + 3 + 42 + -36 + 7
72
Evaluate 245 + -257 - ((-8 - -8) + (4 + -1 - 134)).
119
Evaluate (3 - (-8 - (-3 - -8))) + -51 + 142.
107
What is (-18 - -46) + (28 - (67 - 22))?
11
Calculate 1 + -16 + (-469 - -474) + 117.
107
-41 + -93 + (248 - 63)
51
What is -38 - 1 - (-932 + 923)?
-30
Evaluate 1 + -2 + 14 - (-27 + -16 + (-12 - -64)).
4
Calculate 5 + (69 - (279 + -286 + 5 + -2 + -3)).
81
Evaluate 3 + (7 - (2 + 7 + -36)).
37
-1 + (-8 + -3 + 15 - (-5 - 0)) + -12
-4
What is 8907 - 8874 - (-4 + -1 - 1)?
39
5021 + -5051 - (-20 + 0 + -1)
-9
What is the value of 126 + -2 + (-108 - -38)?
54
What is -52 + 51 - (7 + (-1 - 1) + 16 + 4)?
-26
Calculate (-5 - (55 + (13 - 4))) + -2 + -3 + 1.
-73
What is (12 - (-11 + 22 - 5) - (6 - -39)) + -9?
-48
What is the value of 1 - (-17 - -21) - (-29 - -50) - 54?
-78
What is (21 - -93) + -19 + 23 - 19 - (-14 - 1)?
114
What is 3 - (-10 + (14 - 4) + (-20 - -1))?
22
What is (-4 - -137) + (-3 - (5 - -3)) + -16?
106
Calculate 57 + -65 + -3 + (8 - -3) - (-27 + -2).
29
Calculate (7 + -24 - -21 - -28) + -24.
8
What is the value of -30 + (49 - -23) + -62?
-20
Calculate -285 + 224 + 0 + 21.
-40
Calculate -84 - (17 + 4 + (-3 - 9) + -7).
-86
Calculate -45 - (-3 + (20 - 7) + -15 + 2).
-42
What is -95 + 67 + (-59 - -57)?
-30
Calculate 6151 + -6090 - (-1 - -103).
-41
What is the value of -10 - -1 - (95 - 66)?
-38
Calculate 138 + -18 + -13 + -44.
63
Calculate (-177 - -170) + (-1 + -2 + -71 + 79 - 11).
-13
What is the value of -3914 + 3860 + 2 + 89?
37
What is the value of 42 + -86 + 10 + 25?
-9
What is the value of -27 - (-7 + 37 + (40 + -30 - 24))?
-43
What is the value of (10 - (-100 - -125)) + (2 - (27 + -2))?
-38
What is 33 + (4 + -15 - 2) - 20?
0
Calculate -12 + 23 + -4 + (12 - (-3 - -4) - -60).
78
What is the value of -65 + 14 + (4 - -27) - -18?
-2
-24 + 36 - ((-8 - (-52 - -9)) + 1)
-24
Evaluate (13 + -21 + (17 - 8) - -6) + -41.
-34
What is the value of 15 - (0 + (21 - 2) - (-1390 + 1379))?
-15
Calculate 5 - (0 + (3 - -1) + 0 + -5).
6
-1278 + 1322 - (57 - -2)
-15
Evaluate -240 + (-6 - (113 - 256)).
-103
What is the value of -103 - (-165 - (-86 - -11))?
-13
What is (11 - 46) + (19 - (8 + 3) - 15)?
-42
What is the value of -47 - 4 - (-45 - (-8 - 32))?
-46
What is the value of 56 - (-19 + 8) - (-13 + 35)?
45
What is the value of (46 - 58) + -16 - -60?
32
What is the value of -94 + 143 + -70 - (5 + -2)?
-24
-466 + 555 + -1 + -24 - -22 - (0 - 0)
86
What is the value of -3 + 2 + 6 + (15 - (-10 - -45 - 24))?
9
7 - (25 + (33 - 60)) - -132
141
What is the value of 9 + (-10 + 0 - -15 - 24)?
-10
Evaluate -75 + -75 + 295 - 79.
66
What is the value of -80 + 2 + (17 - -75 - 97) + (-2 - -13)?
-72
What is (-19 - -19 - -13) + 12 - 23?
2
What is the value of -3 + 37 + (1240 - 1310)?
-36
What is -47 + (60 - 31) + 3 + -23?
-38
What is 23 + -24 - (34 + 1 + 4) - 14?
-54
What is -29 + (29 + (6 - 6) - 8) - (-2 - -2)?
-8
What is 8 + (3 - (46 + (3 - 24))) - 23?
-37
(47 - (28 - -46 - 37)) + 69
79
What is -8 + 8 + -1 - (-12 - -22) - -67?
56
58 - (21 + -191 + 124)
104
Evaluate (-7 - -35) + 5 - (-71 + 192).
-88
Calculate -18 + (24 - 3 - -13) - 107 - 5.
-96
197 + -41 + -69 + -19
68
Calculate -4 + 8 + -7 - (37 + -16 + 15).
-39
(-13 - (0 - 21)) + (-7 + 0 - -10)
11
What is -51 - -1 - (22 + -36 + 4)?
-40
Evaluate (-3 - (-15 + -8)) + -13 + (6 - 2) + -1.
10
Calculate 16 - 1 - (379 - 350).
-14
Evaluate -3 - (-308 + 302 + (-44 - 3)).
50
What is the value of -193 + 126 + (2 - (-2 + -1) - (3 + 1))?
-66
(-18 - (-20 - -13) - 5) + -49
-65
-23 - -9 - (5 + -4) - (-9 - 1) - 0
-5
What is the value of 59 - (-120 + 60 + 173)?
-54
(8 - (-98 - -209)) + 105
2
What is the value of 17 + 4 - 7 - (53 + 7 + 20 + -11)?
-55
What is -54 + -69 + 72 + 13?
-38
What is the value of -2 + (-14 - -5 - -7) + (5 + -63 - -5)?
-57
What is the value of -152 + (-1 - (-67 + 2)) + -32?
-120
What is 316 + -295 + (-1 - 8)?
12
Calculate -5 - (43 - 77 - -45).
-16
What is the value of (-22 + -2 + 25 - (15 - (2 + 1))) + -46?
-57
What is 1 + -16 + (-14 - (29 - -25 - 30))?
-53
42 + (-64 - -36) + 41
55
Evaluate -9 + 4 + -16 + (148 - 41).
86
What is (4 - 3) + (26 - 35)?
-8
What is -2 - (14 + -46 - -24 - (45 + -10))?
41
What is the value of 15 - (17 + -19 + -8 + -12)?
37
Calculate (-75 - (116 + -160)) + -1 + -14.
-46
Calculate (2 - 2) + -5 - 2 - (-28 - (83 - 23)).
81
Calculate 21 + 3 + -23 + (-4 - 29 - 3).
-35
What is the value of (-12 - (21 - (5 - -11))) + -60 - (11 - -4)?
-92
Calculate 19 - (-11 - (-3 + -9 + -17)).
1
-138 - (-21 - 3 - (-203 - -185) - (-3 - -9))
-126
What is -15 + 17 - ((-16 - -9) + (2 - 3) - 2)?
12
What is 33 + -62 + 66 - (-8 - (0 + -1))?
44
233 - 265 - (-71 + -12 - -2)
49
What is the value of 64 - ((-38 - 10) + 125)?
-13
What is the value of -10 + (1 - 15 - (-44 + 20 - -2))?
-2
What is the value of 11 + (-9 - (10 + -22 + 14 + 0))?
0
What is 54 - (0 + (-30 - -39))?
45
-2 - 98 - -5 - (-18 + (20 - 25) - -32)
-104
What is 18 - ((-2 - -19) + (9 - 22) - -3)?
11
Calculate 35 + 0 + (-33 - (71 - 69)).
0
(-25 - (-7 - (-2 - 3))) + 80
57
Calculate 9 + (-13 - (13 - 5)).
-12
Evaluate 56 - (-16 + (13 + -19 - -31)).
47
-106 - (5 - 8 - (9 - 9 - -3))
-100
What is the value of 88 - ((60 - 7) + -3)?
38
8 - (23 - 2) - (-136 - (-12 + -7 - -12))
116
What is the value of -7 + 38 - 22 - (7 + (-6 - -29))?
-21
(156 - 56 - 66) + 31
65
What is 14 - (-18 + 0 + 44 + 49)?
-61
What is -184 - (-130 - (87 - 112))?
-79
What is 5 - (-60 + -11 + 20 - -27)?
29
14 - (39 + (34 - 27))
-32
What is the value of -71 + 2 - (4 + -33)?
-40
Evaluate -7 - (-48 - (11 + -11 + -1 + -6)).
34
Calculate -11 + (13 - ((-13 - 0) + 7 - -21)).
-13
What is (330 - 402) + (4 - 0)?
-68
Calculate 18 + (21 - -7 - -3) + (-6 - 2).
41
-3 + (-2 - -20) + 5 - (2 + -1)
19
Evaluate 38 + (-4 + 16 - 12) + -15.
23
6 - (14 - (29 + -11 + -4))
6
Evaluate 55 + 22 + 6 + -136.
-53
What is the value of (15 - -23) + 67 + -106?
-1
What is the value of (7 - 6) + 6 + (-13 - (-16 + -21 - 2))?
33
-5 - (9 + (-182 - -181 - (1 - (8 - 0))))
-20
What is -14 - (2614 + -2593 + (1 + 2 + -1 - 13))?
-24
What is 19 + -15 + -7 + -10 + -58?
-71
What is (54 - (23 - -3)) + -14 + (3 - -11) - -6?
34
